ed by a(-22).
45
Let q = -33 - -101. Suppose q = 6*c - 2*c. What is the remainder when c is divided by 6?
5
What is the remainder when 18 is divided by 901/85 + ((-24)/(-20))/(-2)?
8
Suppose -o = 5*i - 223, 5*i + 2*o + 0*o = 226. Calculate the remainder when i is divided by 13.
5
Suppose -2*v = 11 - 5. Let l(n) = n**2 + n + 6. Calculate the remainder when 19 is divided by l(v).
7
Suppose 4*v + 5*l = -5, -l - 1 = -v - 0. Suppose v = 208*i - 212*i + 156. Calculate the remainder when 152 is divided by i.
35
Let j = 506 + -338. Suppose 8*g - j = 5*g. What is the remainder when g is divided by 29?
27
Let w(u) = -u**2 + 7*u - 6. Let l be w(5). Suppose 5*f = y - 140, y + 0*y + 5*f - 130 = 0. Calculate the remainder when 51 is divided by (l/(-3))/((-10)/y).
15
Let y(p) = p**3 + 11*p**2 + 13*p + 31. What is the remainder when 238 is divided by y(-9)?
10
Let x = -18 + 73. Suppose -7*t + 0*t + 98 = 0. Calculate the remainder when x is divided by t.
13
Suppose z = 3 + 2. Suppose -13*j = 7*j - 260. What is the remainder when j is divided by z?
3
Suppose 4*h = -4*n + 80, 3*n - 6*n + 3*h = -90. Suppose 3*l - 2 = -r, 4*l = -5*r - 5 + 59. Calculate the remainder when n is divided by r.
11
Let f(i) be the first derivative of 5*i**2/2 + 3*i - 65. Suppose -l + 8 = -0*l. Calculate the remainder when f(l) is divided by 11.
10
Let k = -538 + 629. Let t = 20 + -13. Suppose -3*x + t*x = 124. What is the remainder when k is divided by x?
29
Suppose -4*y = -3*q + 772, -y + 5*q + 19 = 195. What is the remainder when 107 is divided by ((-8)/2 - -2)/(14/y)?
23
What is the remainder when 34 is divided by ((-12)/16)/(6/(-96))?
10
Let a(j) be the second derivative of 0 + 1/6*j**4 + 4*j + 5/6*j**3 + j**2. Calculate the remainder when a(-3) is divided by 3.
2
Let t(s) = -7*s**2 + s + 5*s**2 + 0*s + 15. What is the remainder when t(0) is divided by 9?
6
Let f = -48 + 78. Suppose 3*b + 0 = -3, -3*y - 3*b = -258. Calculate the remainder when y is divided by f.
27
Let f(y) = y**3 + 24*y**2 + 12*y - 57. What is the remainder when f(-22) is divided by 9?
8
Calculate the remainder when 701/(7 + -7 - (-1 + 0)) is divided by 18.
17
Suppose 11 = 4*z - 5*f + 4*f, -4*z - f + 5 = 0. Let a be 1 + 0/(z/(-1)). Suppose -3*t + 10 = a. What is the remainder when 13 is divided by t?
1
Suppose 4*c + 4 - 12 = 0. Suppose -c*d + 74 = 26. Suppose -r + 5*r = d. Calculate the remainder when r is divided by 3.
0
Let v(s) = s**3 + 7*s**2 - 13*s - 19. Let h be v(-8). Suppose -13*p + 10*p + h = 0. What is the remainder when 24 is divided by p?
3
Let d = 2 - -67. Let s = 101 - d. Calculate the remainder when s is divided by (-17)/((2 - 1) + -2).
15
Let x(a) = a**2 - 15*a + 16. Let h be x(14). Let u = 12 - 8. Suppose -60 = h*l - u*l. Calculate the remainder when 88 is divided by l.
28
Calculate the remainder when 2 - (49/(-7) - 371) is divided by 16.
12
Let v(a) = -a**2 + 10*a - 12. Let b be v(9). Let i be (-3 - b - 1)*-8. Suppose -18 = -q - i. What is the remainder when 18 is divided by q?
8
Let r = -130 - -153. Calculate the remainder when 83 is divided by r.
14
Suppose -4*n + 75 = n - 4*c, -5*n + c = -60. What is the remainder when 218 is divided by n?
9
Let d(x) = -1 + 3 - 7*x + 5. Suppose 5*h + 17 = -13. Calculate the remainder when d(h) is divided by 13.
10
Let n(w) be the third derivative of 11*w**4/24 + 4*w**3/3 + 12*w**2. What is the remainder when n(3) is divided by 12?
5
Suppose -163 + 435 = 16*d. Calculate the remainder when 63 is divided by d.
12
What is the remainder when 49 is divided by (62/(-155))/(6/(-375))?
24
What is the remainder when 293 is divided by (((-324)/20)/9)/((-6)/110)?
29
Suppose 20 = 5*n, 2*w + 5*n = -2*w + 20. Suppose w = 6*k - 8*k + 54. What is the remainder when k is divided by 18?
9
Let d = -26 - -34. Calculate the remainder when 10 is divided by d.
2
Let h = -94 + 183. Let j = -181 - -196. What is the remainder when h is divided by j?
14
Suppose -6*f = 524 + 736. Calculate the remainder when 28 + (-1)/(0 - 1) is divided by (f/(-9))/7*3.
9
Let h(y) = -y**2 + 20*y + 60. What is the remainder when 573 is divided by h(22)?
13
Suppose y - 11 = 3. Suppose 19*p - y*p = 40. What is the remainder when 13 is divided by p?
5
Let s(n) = n**2 + 4*n + 5. Let f be s(-3). Suppose y + f*y = 12. Suppose -6 = 12*r - 14*r. Calculate the remainder when y is divided by r.
1
Let d = 768 - 731. What is the remainder when d is divided by 37?
0
Let c = -25 - -37. Let f = -8 + c. Suppose 46 = 2*a + f*q, 2*q = -5*a - 12 + 87. What is the remainder when a is divided by 4?
1
Let u be (-2 - -4) + (-32)/2. Let h = 23 + u. Let l = 375 + -340. Calculate the remainder when l is divided by h.
8
Suppose 0 = -8*c - 5*c + 156. What is the remainder when 21 is divided by c?
9
Let i = -13 + 7. Let j(o) = -o**3 - 7*o**2 - 8*o - 14. Let g be j(i). Calculate the remainder when 19 is divided by 3 - g/(2 - 1).
4
Suppose -k + 42 = k. Let d = -500 + 539. What is the remainder when d is divided by k?
18
Suppose 0 = 5*j + 3*l - 750, -2*l - 1 = 2*j - 297. Let u = 158 - j. Suppose x = -2*x + 48. Calculate the remainder when x is divided by u.
1
Let p(y) = 3*y - 27. Let k = 95 + -82. What is the remainder when (23/(-2))/(2/(-4)) is divided by p(k)?
11
Let o(f) = -46*f + 51. Let k be o(-7). Suppose -2*a = -5*i + k + 170, 0 = -i - a + 110. Calculate the remainder when i is divided by 28.
25
Suppose -4*f + 142 = 2*d, 0 = -0*d - 3*d + 4*f + 173. Let c(x) = -3*x - 9. Let w be c(-9). Let m = -2 + w. What is the remainder when d is divided by m?
15
Let x be (-1)/(-2)*(3 + 83). Let v(g) = -8*g + 34. Let l be v(8). Let b = l + x. What is the remainder when 38 is divided by b?
12
Let a(p) = 22*p**2 - 11*p + 10. What is the remainder when 35 is divided by a(1)?
14
Let o = 32 - -6. Let m(j) = j**3 - 5*j**2 + 4*j - 14. Calculate the remainder when m(7) is divided by o.
36
Calculate the remainder when 107 is divided by 56*126/(-56)*(-2)/9.
23
What is the remainder when 519 is divided by (((-1980)/(-16))/11)/(9/60)?
69
Let c be (-5 + -9)*2/(-7). Suppose -380 = -c*q + a, -6*q + q + 475 = -2*a. What is the remainder when q is divided by 32?
31
Suppose 5*d = -4*j + 35, 4*j + 5*d - 40 = d. Suppose -4*n = n - j. Suppose -n*v + 26 - 8 = 0. Calculate the remainder when 29 is divided by v.
5
Let u(x) = 32*x + 3. Let j = 26 + -25. What is the remainder when u(j) is divided by 18?
17
Let n = 3238 + -1623. What is the remainder when n is divided by 60?
55
Suppose -2*s - 4*o + 5 = -5, 4*s - o = 11. Let k = 65 + -65. Suppose k = 2*f + 5*b - 15, f - 35 = -s*f - 5*b. Calculate the remainder when 49 is divided by f.
9
Let u(n) = n**3 + 17*n**2 + 27*n - 34. Let h be (-33)/(3/(-4)*-2). Let z = h + 41. Calculate the remainder when z is divided by u(-15).
8
Let b = -44 - -53. Let r(a) = 3 + 4*a - 12*a + 0*a**2 + a**2 + 1. Calculate the remainder when r(b) is divided by 5.
3
Let k(j) = -17*j + 231. Calculate the remainder when 146 is divided by k(10).
24
Suppose -3*l = -3*r + 6, 5*r - l - 34 = -4. What is the remainder when (-4392)/(-40) - 5 - 8/10 is divided by r?
6
Suppose -2*h = 0, -8*o + h + 484 = 3*o. Calculate the remainder when 215 is divided by o.
39
Suppose 11611 = 2*f + 15*f. Calculate the remainder when f is divided by 14.
11
Calculate the remainder when (-95)/(-4) + 6/24 is divided by 1 + 2 + (-2 - -6).
3
Let i(z) = 2*z + 38. Let a be i(-14). Suppose 0 = -x + a + 5. Calculate the remainder when 148 is divided by x.
13
Let s(u) = 2*u**2 + 1. Let m = 616 + -610. What is the remainder when s(3) is divided by m?
1
Suppose 8*i + 8*i - 400 = 0. What is the remainder when 112 is divided by i?
12
Let w(d) = 13 - 9 + 10*d - 10 + 0*d. What is the remainder when w(5) is divided by 15?
14
Suppose 3*g = 4*b + 7*g + 24, 0 = -4*g. Let c(r) = r**2 + 3*r - 10. Suppose -5*a + 66 = -2*a. What is the remainder when a is divided by c(b)?
6
Suppose -p = -3*p + 4. Suppose 4*b = 2*n - 16, p*n - 16 = 3*b - 2*b. Suppose -n - 6 = -q. Calculate the remainder when q is divided by 6.
2
Let d = 63 + 130. What is the remainder when d is divided by 39?
37
Let r(u) = 0*u - 4*u - 23 - u**3 - 19*u - 20*u**2. Calculate the remainder when r(-19) is divided by 28.
25
Let s(y) = 12*y**2 + 74*y + 2. What is the remainder when s(-7) is divided by 41?
31
Suppose 2*u = -4*q + 6*u + 352,